2*c**2 - 16*c + 22. What are the prime factors of w(13)?
2, 19
Let a = -9 + 5. Let r = 1 - a. Suppose 0*j + 5*j - r*n - 45 = 0, 4*j + 2*n = 6. What are the prime factors of j?
2
Let j(r) = r**2 + 8*r + 4. Let n be j(-8). Suppose 2*s + 2*w = -2*s + 466, 2*s - 218 = n*w. Suppose -11*h + s = -6*h. List the prime factors of h.
23
Suppose 0 = -4*z - 3*n + 4535, 4*n - 9*n - 1105 = -z. List the prime factors of z.
2, 5, 113
Let u(h) = 11*h - 7. Let c(a) = a**3 + 7*a**2 - 3*a + 5. Let d be c(-7). Suppose 5*i = -6 + d. What are the prime factors of u(i)?
37
Suppose 2*c - 332 = 3*k, 157 = -2*k + 4*c - 75. What are the prime factors of (-5160)/k + 2/9?
2, 3
List the prime factors of (3960/300)/((-9)/(-1650)*1).
2, 5, 11
Let b = -77 - -81. Suppose -b*a + 75 = -341. List the prime factors of a.
2, 13
Let n be 81/(-36)*(-32)/(-6). Let x be 6*(52/n - 3). Let u = x + 83. List the prime factors of u.
3, 13
Let t = -884 + 1554. Let j = -992 + t. What are the prime factors of j/(-8) + 15/20?
41
Let o = -87 - -169. Let u = -39 + o. List the prime factors of u.
43
Suppose -2*w = -7*w + 340. Let z = w + -18. What are the prime factors of z?
2, 5
Let w(j) = j**2 + 1 + 5*j + 3*j**2 + 1. Let c be 3*(-5 + 1 - -3). List the prime factors of w(c).
23
Let c(o) = o**3 - 13. Let g be c(0). Let t = g - -48. List the prime factors of t.
5, 7
Let b = -1 + -1. What are the prime factors of b/(-4)*(-198)/(-1)?
3, 11
Let u(k) = k**3 - 7 + 10*k**2 + 3 + 6*k - 2. Suppose -81 = -35*j + 44*j. List the prime factors of u(j).
3, 7
Suppose -20 = 2*q - q + 4*w, -56 = 5*q - 2*w. List the prime factors of (-483)/(-6)*q/(-7).
2, 3, 23
Let p(c) = 3*c + 6. Let k(d) = -d**3 - 9*d**2 + 2*d + 21. Let s be k(-9). List the prime factors of p(s).
3, 5
Let i be ((-6)/(-5))/((-1)/5). Let f be i/(-15) - 8/(-5). Suppose s - 2*z = 5, 0 = f*s + 3*s - z - 70. List the prime factors of s.
3, 5
Suppose -880 + 233 = -k. Suppose v + k = 5*x, 4*x - 40 - 484 = 4*v. Suppose 36 = n + 4*r, 3*n + 3*r = -2*n + x. What are the prime factors of n?
2, 3
Suppose 5*j - 41 = 94. Let n be 2/(-5) - (259/(-5))/7. Let l = j - n. What are the prime factors of l?
2, 5
Let t = -8 - -135. Suppose 0 = 4*j + 5*z - 131, 5*j + 2*z - 24 - t = 0. What are the prime factors of j?
29
Let d be (-2 - -8)*(-4 + 3). Let k(s) = -s**2 - 5*s + 4. Let m be k(d). List the prime factors of m/(-5) + (-48)/(-5).
2, 5
What are the prime factors of 1692/7 - 20/(-70)?
2, 11
Suppose w - 13 = c + 2*c, 3*c + 3 = 0. Let m = w + -12. What are the prime factors of 17 + 4/m - 0?
3, 5
Suppose -636 = 27*w - 30*w. Suppose -f = 3*c - 202, -5*c + 2*c + w = -f. Let v = c + -32. List the prime factors of v.
37
List the prime factors of ((-379)/(-4))/(12/96).
2, 379
Suppose 2*z = 5*m - 33, -17 = -m + 2*z + z. Let c be (-2 - 1/1) + m. Let n = c - 0. What are the prime factors of n?
2
Suppose -4*z = -11 - 5. Suppose 36 = z*j - 56. What are the prime factors of j?
23
Let k be ((-64)/(-10))/((-2)/(-10)). Let l be 2/4*2*k. Suppose 0 = -5*u - l + 117. List the prime factors of u.
17
Suppose 0 = -351*a + 347*a + 4872. List the prime factors of a.
2, 3, 7, 29
Suppose -4*s + 7080 = 4*c, 1740 = 51*c - 50*c - 5*s. List the prime factors of c.
5, 353
Suppose 2*j - 8 = -0*j, -3*g - 3*j = -18. Let h(p) = p + 10. Let r be h(-8). Suppose -3*q - g*x = -122, -r*x - 18 - 100 = -3*q. What are the prime factors of q?
2, 5
Let a(q) = -2*q**2 - 2*q + 81. Let c(f) = -f**2 - 3*f + 10. Let t be c(-5). What are the prime factors of a(t)?
3
List the prime factors of (-3*4/24)/(3/(-3210)).
5, 107
Let v = -10 + 253. List the prime factors of v.
3
Let q = -42 + 41. Let t = 52 + q. List the prime factors of t.
3, 17
Suppose -4 = m - c + 3*c, 0 = -5*c - 5. List the prime factors of m/4 + 4/(40/465).
2, 23
Suppose 182 = y - 282. List the prime factors of y.
2, 29
Let f = 342 + -224. Suppose f*k - 119*k = -30. List the prime factors of k.
2, 3, 5
Let o = -38 - -29. Let a = o + 32. What are the prime factors of a?
23
Suppose -3*m - 4*j = 14, -j + 2 - 17 = -5*m. Suppose 6 = -3*s - 4*i - 7, 0 = s - 5*i - m. List the prime factors of (4*s)/(4/(-4)).
2, 3
Let j(h) = -3*h**3 + 2*h**2 - h - 16. What are the prime factors of j(-6)?
2, 5, 71
Let i = 722 - 140. List the prime factors of i.
2, 3, 97
What are the prime factors of (-39)/(-104) + 20781/8?
2, 3, 433
Let m(q) = q**3 - 11*q**2 + 15*q - 16. Let s be m(10). Suppose 2*o - 40 = s. List the prime factors of o.
37
Let t(o) = 2*o - 7. Suppose -2*v = 3*c - 12, -2*c - 2*c = -4*v - 36. Suppose -5*u = z - c*u - 15, 3*z + u = 49. List the prime factors of t(z).
5
Let k = -650 + 961. List the prime factors of k.
311
What are the prime factors of (2831/(-38) + (2 - -4))*-62?
31, 137
Let b = -2644 + 2691. What are the prime factors of b?
47
Let v = -18 + 40. Let g = v - 12. Let s = 1 + g. List the prime factors of s.
11
What are the prime factors of ((-700)/(-4))/(4*(-3)/(-12))?
5, 7
Let k be (56/(-21))/(-4) - (-11)/(-3). Let x be 18/63 + 178/14. List the prime factors of -4 + k + x + 4.
2, 5
Suppose 2*u = -5*n + 30310, 5*n - 9*u + 5*u = 30310. What are the prime factors of n?
2, 7, 433
Let l = 270 - 174. Let n = l + -173. List the prime factors of (660/n)/(2/(-14)).
2, 3, 5
What are the prime factors of (8848/(-21))/(-2 + (-4)/(-3))?
2, 79
Suppose 2*j - 996 = -5*f, 14*j - 5*f - 1932 = 10*j. What are the prime factors of j?
2, 61
Suppose 0 = 3*s + 4*k - 78, k - 2 - 1 = 0. Suppose 54 = 3*m - m - 4*x, -3*x - s = -m. List the prime factors of m.
37
What are the prime factors of (-10)/(120/39)*-788?
13, 197
Suppose -83*a + 84*a - 2 = 0. List the prime factors of a.
2
Suppose 4*f + f + 7 = 4*g, 3*g = -5*f - 21. Let c(o) = -29*o**3 + 2*o**2 + o - 4. What are the prime factors of c(g)?
2, 3, 13
Let g = 4307 + -2551. List the prime factors of g.
2, 439
Let r be (24/16)/(6/44). Suppose -h + r = -53. What are the prime factors of h?
2
Suppose -358 = -g + 255. Suppose 6*l - 53 = g. List the prime factors of l.
3, 37
Let m be (((-21)/(-9))/7)/((-1)/9). Let v = m - -24. List the prime factors of v.
3, 7
Let f(w) = -53*w + 94. List the prime factors of f(-7).
3, 5, 31
Suppose -4*p = -5*s - 1769, 3*p - 4*s = p + 880. List the prime factors of p.
2, 223
Suppose -5*y - d + 15415 = 3762, -y + 4*d + 2318 = 0. List the prime factors of y.
2, 5, 233
Let z be 8/5*(112 - 2). Suppose -z = -8*b + 6*b - h, 0 = 4*h - 16. What are the prime factors of b?
2, 43
Suppose 0 = -4*o - 76 - 136. Let s be 1 - -1*(-2 - o). Suppose -2*p = -6*p + s. What are the prime factors of p?
13
Suppose 0 = -3*l + 5*m - 14 + 58, 10 = l + 3*m. Let c = -11 + l. List the prime factors of (0 - -48) + (c - 0).
2, 5
Suppose 5*p + s = -57, 29 = -3*p - s - 4. Let q be -2*(-3)/(p/(-8)). Suppose 2*a + 2*f - 32 = 48, -q*f = 5*a - 197. List the prime factors of a.
37
Suppose 0 = -2*u + 1 + 3. Suppose 4*r + 106 = u*z, z - 6*z + 3*r + 272 = 0. List the prime factors of z.
5, 11
Suppose -3*f + 275 = -4*r, 350 + 110 = 5*f - 5*r. List the prime factors of f.
3, 31
Suppose -t + 498 = 134. What are the prime factors of t?
2, 7, 13
Suppose 0 = 37*z - 35*z + 12. List the prime factors of (-2 + (-5)/(-15))*z.
2, 5
Suppose -3*b + 2*n = 47 - 63, -10 = -4*b - 3*n. Let z = 7 - 5. Suppose b*h + z*p - 210 = -0*p, -5*p + 25 = 0. List the prime factors of h.
2, 5
Let z = 0 + -49. Let o = z - -85. What are the prime factors of o?
2, 3
Let b be ((0 + 1)*-3)/((-6)/8). Suppose 2*n - b = 238. What are the prime factors of n?
11
Let r be 138 + (-2)/(-2)*-1. Let n = r + 10. What are the prime factors of n?
3, 7
Let l(w) = -6*w - 14. Suppose -7*j = -5*j + 14. What are the prime factors of l(j)?
2, 7
Suppose 3*c - 241 + 49 = 0. Let f = -26 + c. List the prime factors of f.
2, 19
Let s = -27 + 176. List the prime factors of 8 - 8 - (-1 - s).
2, 3, 5
Let l = 37 - 18. Suppose 3*k - l - 107 = 0. Suppose -6*q + 3*q = -k. List the prime factors of q.
2, 7
Let y(n) = 6*n**3 + n**2 + 18*n - 80. What are the prime factors of y(6)?
2, 5, 17
Let k(f) = -f**3 - 11*f**2 - 2*f - 10. Let l be k(-12). Let u = l + -93. Suppose -5*h = 10 - u. List the prime factors of h.
11
Let h(o) = -o**3 - 3*o**2 + 5*o + 6. Let s be h(-4). Suppose 98 = 4*m + 5*g, 5*m + 2*g - 70 = s*m. Let t = m - 15. What are the prime factors of t?
7
Let v(r) = -8*r + 3*r**2 - 9 + 8*r - 37. List